{"id":2,"date":"2026-02-25T13:44:41","date_gmt":"2026-02-25T12:44:41","guid":{"rendered":"https:\/\/madewithlaw.pl\/?page_id=2"},"modified":"2026-02-26T22:04:02","modified_gmt":"2026-02-26T21:04:02","slug":"przykladowa-strona","status":"publish","type":"page","link":"https:\/\/madewithlaw.pl\/?page_id=2","title":{"rendered":"Hej Superstar! Skoro tu jeste\u015b,"},"content":{"rendered":"\n<p>to znaczy, \u017ce szukasz sposobu na to, jak legalnie sprzedawa\u0107 r\u0119kodzie\u0142o.<\/p>\n\n\n\n<p class=\"has-background\" style=\"background-color:#eff432\">By\u0107 mo\u017ce po kr\u00f3tkim wyszukiwaniu w google i tonie darmowych tre\u015bci troch\u0119 opad\u0142y ci witki i potrzebujesz chwili, \u017ceby doj\u015b\u0107 do siebie potym jak zobaczy\u0142a\u015b ILE TEGO JEST.<\/p>\n\n\n\n<p>Nie ma\u0142o, nie ma co si\u0119 oszukiwa\u0107.<\/p>\n\n\n\n<p>Czy musisz teraz po\u015bwi\u0119ci\u0107 p\u00f3\u0142 \u017cycia i mn\u00f3stwo energii, \u017ceby to samej ogarn\u0105\u0107? No nie. <\/p>\n\n\n\n<p>Ju\u017c kto\u015b inny w mi\u0119dzyczasie podj\u0105\u0142 decyzj\u0119 o tym, \u017ceby zaj\u0105\u0107 si\u0119 tym tematem i u\u0142atwi\u0107 \u017cycie innym osobom, kt\u00f3re takiej wiedzy potrzebuj\u0105.<\/p>\n\n\n\n<p class=\"has-background\" style=\"background-color:#eff432\">Jestem prawniczk\u0105 i te\u017c kocham handmade. <\/p>\n\n\n\n<p>Wiem, ile cierpliwo\u015bci trzeba, \u017ceby stworzy\u0107 co\u015b wyj\u0105tkowego.<\/p>\n\n\n\n<p>Wiem, ile frustracji kosztuje ka\u017cde prucie i zaczynanie od nowa, bo wz\u00f3r nie wyszed\u0142 idealny. <\/p>\n\n\n\n<p>WIEM, bo te\u017c tam by\u0142am i bywam nadal. Sama tworz\u0119 z r\u00f3\u017cn\u0105 cz\u0119stotliwo\u015bci\u0105 a moim ulubionym medium jest szyde\u0142ko.<\/p>\n\n\n\n<p>Na szyde\u0142ku tworz\u0119 najcz\u0119\u015bciej torebki i koszyczki. Wyczarowa\u0142am te\u017c kilka maskotek dla moich dzieci, z czego jestem niesamowicie duma \ud83d\ude42 i kocyk niemowl\u0119cy, wiadomo.<\/p>\n\n\n\n<p>Na klawiaturze za to tworz\u0119 szablony dokument\u00f3w, nagrywam szkolenia, masterclassy, tworz\u0119 kursy. <\/p>\n\n\n\n<p>Tworz\u0119 by realizowa\u0107 marzenie o biznesie online i tym, co moim zdaniem si\u0119 z nim wi\u0105\u017ce &#8211; z wolno\u015bci\u0105, niezale\u017cno\u015bci\u0105 i \u017cyciem na w\u0142asnych zasadach. <\/p>\n\n\n\n<p>Pomagam innym dziewczynom realizowa\u0107 ich marzenie o tym samym. <\/p>\n\n\n\n<p>Je\u015bli to o Tobie i jeste\u015b gotowa, by TERAZ si\u0119 tym zaj\u0105\u0107 i zacz\u0105\u0107 sprzedawa\u0107 bez strachu, z rozmachem i spokojn\u0105 g\u0142ow\u0105, to zosta\u0144! To zdecydowanie przestrze\u0144 dla Ciebie i Twojego marzenia. <\/p>\n\n\n\n<p>Jestem te\u017c autork\u0105 marki BiznesNaLegalu i dokumnetydla.pl, kt\u00f3re skupiaj\u0105 si\u0119 na produktach cyfrowych &#8211; je\u015bli to te\u017c Ci\u0119 interesuje, to wskakuj na www.biznesnalegalu.pl i sprawd\u017a, co tam przygotowa\u0142am.<\/p>\n\n\n\n<p>Ania\/@madewithlaw.pl<\/p>\n","protected":false},"excerpt":{"rendered":"<p>to znaczy, \u017ce szukasz sposobu na to, jak legalnie sprzedawa\u0107 r\u0119kodzie\u0142o. By\u0107 mo\u017ce po kr\u00f3tkim wyszukiwaniu w google i tonie darmowych tre\u015bci troch\u0119 opad\u0142y ci witki i potrzebujesz chwili, \u017ceby doj\u015b\u0107 do siebie potym jak zobaczy\u0142a\u015b ILE TEGO JEST. Nie ma\u0142o, nie ma co si\u0119 oszukiwa\u0107. Czy musisz teraz po\u015bwi\u0119ci\u0107 p\u00f3\u0142 \u017cycia i mn\u00f3stwo energii, [&hellip;]<\/p>\n","protected":false},"author":1,"featured_media":0,"parent":0,"menu_order":0,"comment_status":"closed","ping_status":"open","template":"","meta":{"footnotes":""},"class_list":["post-2","page","type-page","status-publish","hentry"],"_links":{"self":[{"href":"https:\/\/madewithlaw.pl\/index.php?rest_route=\/wp\/v2\/pages\/2","targetHints":{"allow":["GET"]}}],"collection":[{"href":"https:\/\/madewithlaw.pl\/index.php?rest_route=\/wp\/v2\/pages"}],"about":[{"href":"https:\/\/madewithlaw.pl\/index.php?rest_route=\/wp\/v2\/types\/page"}],"author":[{"embeddable":true,"href":"https:\/\/madewithlaw.pl\/index.php?rest_route=\/wp\/v2\/users\/1"}],"replies":[{"embeddable":true,"href":"https:\/\/madewithlaw.pl\/index.php?rest_route=%2Fwp%2Fv2%2Fcomments&post=2"}],"version-history":[{"count":2,"href":"https:\/\/madewithlaw.pl\/index.php?rest_route=\/wp\/v2\/pages\/2\/revisions"}],"predecessor-version":[{"id":28,"href":"https:\/\/madewithlaw.pl\/index.php?rest_route=\/wp\/v2\/pages\/2\/revisions\/28"}],"wp:attachment":[{"href":"https:\/\/madewithlaw.pl\/index.php?rest_route=%2Fwp%2Fv2%2Fmedia&parent=2"}],"curies":[{"name":"wp","href":"https:\/\/api.w.org\/{rel}","templated":true}]}}